{"id":7945,"date":"2016-09-13T11:13:28","date_gmt":"2016-09-13T09:13:28","guid":{"rendered":"http:\/\/boule-im-rheingau.net\/?page_id=7945"},"modified":"2023-12-31T12:07:17","modified_gmt":"2023-12-31T11:07:17","slug":"rheingau-wintermasters-20162017-termine-anmeldung-ergebnisse","status":"publish","type":"page","link":"https:\/\/boule-im-rheingau.de\/?page_id=7945","title":{"rendered":"RHEINGAU Wintermasters 2017\/2018 &#8211; <\/br>Termine &#8211; Anmeldung &#8211; Ergebnisse &#8211; Helferliste"},"content":{"rendered":"<table>\n<caption>Die Termine f\u00fcr die Wintermasters 2017\/2018:<\/caption>\n<colgroup>\n<col width=\"2\" \/>\n<col width=\"2\" \/> <\/colgroup>\n<tbody>\n<tr>\n<th>Turniertermin<\/th>\n<th>Anmeldezeitraum<\/th>\n<\/tr>\n<tr>\n<td>1. WM &#8211; Sa. 04. Nov. 2017<\/td>\n<td>So. 22. Okt. 2017 bis Fr. 03. Nov. 2017 &#8211; 18:00 Uhr<\/td>\n<\/tr>\n<tr>\n<td>2. WM &#8211; Sa. 18. Nov. 2017<\/td>\n<td>So. 05. Nov. 2017 bis Fr. 17. Nov. 2017 &#8211; 18:00 Uhr<\/td>\n<\/tr>\n<tr>\n<td>3. WM &#8211; Sa. 02. Dez. 2017<\/td>\n<td>So. 19. Nov. 2017 bis Fr. 01. Dez. 2017 &#8211; 18:00 Uhr<\/td>\n<\/tr>\n<tr>\n<td>4. WM &#8211; Sa. 16. Dez. 2017<\/td>\n<td>So. 03. Dez. 2016 bis Fr. 15. Dez. 2017 &#8211; 18:00 Uhr<\/td>\n<\/tr>\n<tr>\n<td>5. WM &#8211; Sa. 13. Jan. 2018<\/td>\n<td>So. 17. Dez. 2017 bis Fr. 12. Jan. 2018 &#8211; 18:00 Uhr<\/td>\n<\/tr>\n<tr>\n<td>6. WM &#8211; Sa. 27. Jan. 2018<\/td>\n<td>So. 14. Jan. 2018 bis Fr. 26.Jan. 2018 &#8211; 18:00 Uhr<\/td>\n<\/tr>\n<tr>\n<td>7. WM &#8211; Sa. 10. Feb. 2018<\/td>\n<td>So. 28. Feb. 2018 bis Fr. 09. Feb. 2018 &#8211; 18:00 Uhr<\/td>\n<\/tr>\n<tr>\n<td>8. WM &#8211; Sa. 24. Feb. 2018<\/td>\n<td>So. 11. Feb. 2018 bis Fr. 23. Feb. 2018 &#8211; 18:00 Uhr<\/td>\n<\/tr>\n<tr>\n<td>9. WM &#8211; Sa. 10. M\u00e4rz 2018<\/td>\n<td>So. 25. Feb. 2018 bis Fr. 09. M\u00e4rz 2018 &#8211; 18:00 Uhr<\/td>\n<\/tr>\n<tr>\n<td>10. WM &#8211; Sa. 24. M\u00e4rz. 2018<\/td>\n<td>So. 11. M\u00e4rz 2018 bis Fr. 23. M\u00e4rz 2018 &#8211; 18:00 Uhr<\/td>\n<\/tr>\n<\/tbody>\n<\/table>\n<p><strong>Spielbeginn jeweils 14:00 Uhr<\/strong><\/p>\n<p><strong><span style=\"color: #ff0000;\">Achtung: ge\u00e4nderter Anmeldemodus<br \/>\n<\/span><\/strong>F\u00fcr die Teilnahme an einem Turnier der REINGAU-Wintermasters ist unbedingt eine Anmeldung per eMail (an wintermasters@boule-im-rheingau.de ) erforderlich. Anmeldungen werden angenommen jeweils <strong>ab Sonntag 10.00 Uhr\u00a0<span style=\"text-decoration: underline;\">nach<\/span> dem aktuellen Turniertag\u00a0<\/strong>, Anmeldeschluss ist jeweils der <strong>Freitag <span style=\"text-decoration: underline;\">vor<\/span> dem n\u00e4chsten Turniertag<\/strong> bis sp\u00e4testens <strong>18:00 Uhr. <\/strong> Mit der Beschr\u00e4nkung des Anmeldezeitraums kommen wir einem vielfach ge\u00e4u\u00dferten Wunsch nach und geben so Jedem die Chance an einem Turnier teilzunehmen. Durch die Vorabanmeldung entf\u00e4llt die Einschreibung am Turniertag und wir k\u00f6nnen bereits die Auslosung und Erstellung des Spielplans vornehmen. So k\u00f6nnen die Spiele p\u00fcnktlich um 14:00 Uhr beginnen.<br \/>\n<strong>F\u00fcr jedes Turnier werden maximal 24 Teilnehmeranmeldungen (= 12 Doubletteteams) angenommen!<\/strong> Die eingegangenen Anmeldungen werden zeitnah unter dem betreffenden Termineintrag im Terminkalender ver\u00f6ffentlicht.<br \/>\nBei weniger als 12 angemeldeten Teilnehmern (&lt; 6 Teams) wird kein Turnier gespielt. Eine Wertung w\u00e4re im Hinblick auf die Gesamtwertung nicht gerecht. Au\u00dferdem w\u00e4re der organisatorische Aufwand unangemessen hoch. (Die Absage erfolgt per eMail an alle angemeldeten Teilnehmer)<\/p>\n<p>Ab 10 teilnehmenden Teams erreichen die 8 bestplatzierten Teams der Vorrunde die Finalrunde im KO-System. Bei 6 oder 8 teilnehmenden Teams erreichen nur die 4 bestplatzierten Teams die Finalrunde. Es wird dann also gleich das Halbfinale gespielt. Damit wird ausgeschlossen, dass bei geringer Teilnehmerzahl in der Vorrunde sieglose Teams die Finalrunde erreichen.<\/p>\n<p>Anmeldungen schriftlich per eMail unbedingt nur an wintermasters@boule-im-rheingau.de \u2013 Anmeldungen: <strong>ab Sonntag 10.00 Uhr nach dem letzten Turniertag<\/strong><br \/>\nAnmeldeschluss: <strong>jeweils Freitag vor dem n\u00e4chsten Turniertag \u2013 18:00 Uhr.<\/strong><\/p>\n<p><strong>Ergebnis der Gesamtwertung<\/strong><\/p>\n<p><a href=\"wp-content\/dateien\/WM-2017-Gesamtwertung-10.pdf\" target=\"_blank\" rel=\"noopener noreferrer\">Hier geht&#8217;s zur aktuellen Liste der Gesamtwertung.<\/a><\/p>\n<p><strong>Bitte beachten!<\/strong><br \/>\nUm jeder Anmeldung gerecht zu werden, haben wir, wie oben beschrieben, den Anmeldemodus ge\u00e4ndert. So ist eine Chancengleichheit f\u00fcr eine Anmeldung sichergestellt und es wird vermieden, dass sich Teilnehmer im Vorfeld bereits f\u00fcr die ganze Wintersaison anmelden und andere Interessenten so keinen Platz mehr finden.<br \/>\nSollte allerdings kurzfristig eine Teilnahme nicht m\u00f6glich sein (z.B. wegen Erkrankung, was hoffentlich nicht vorkommt), dann bitten wir um eine kurze Nachricht per eMail, damit wir den Platz ggf. an einen anderen Mitspieler auf der internen Warteliste vergeben k\u00f6nnen. Vielen Dank!<\/p>\n<p>In dieser Wintersaison zeichnen f\u00fcr Organisation und Durchf\u00fchrung der RHEINGAU-Wintermasters verantwortlich: Klaus J\u00e4ger, Bart King und Reiner Kitzmann.<br \/>\nUnd hier ist die Helferliste <h2 id=\"tablepress-18-name\" class=\"tablepress-table-name tablepress-table-name-id-18\">Helferliste Wintermasters 2023\/2024<\/h2>\n\n<table id=\"tablepress-18\" class=\"tablepress tablepress-id-18\" aria-labelledby=\"tablepress-18-name\">\n<thead>\n<tr class=\"row-1\">\n\t<th class=\"column-1\">Turnierdatum<\/th><th class=\"column-2\">Turnierleitung<\/th><th class=\"column-3\">Kasse<\/th><th class=\"column-4\">Eintopf<\/th><th class=\"column-5\">Kuchen<\/th><th class=\"column-6\">Thekendienst<\/th>\n<\/tr>\n<\/thead>\n<tbody class=\"row-striping row-hover\">\n<tr class=\"row-2\">\n\t<td class=\"column-1\">18.11.2023<\/td><td class=\"column-2\">Reiner<\/td><td class=\"column-3\"><\/td><td class=\"column-4\">Sibylle<\/td><td class=\"column-5\">Monika<\/td><td class=\"column-6\"><\/td>\n<\/tr>\n<tr class=\"row-3\">\n\t<td class=\"column-1\">02.12.2023<\/td><td class=\"column-2\">Bernhard<\/td><td class=\"column-3\"><\/td><td class=\"column-4\">Gerhild<\/td><td class=\"column-5\">Monika<\/td><td class=\"column-6\"><\/td>\n<\/tr>\n<tr class=\"row-4\">\n\t<td class=\"column-1\">16.12.2023<\/td><td class=\"column-2\">Reiner<\/td><td class=\"column-3\"><\/td><td class=\"column-4\">Heidrun<\/td><td class=\"column-5\">Gisela<\/td><td class=\"column-6\"><\/td>\n<\/tr>\n<tr class=\"row-5\">\n\t<td class=\"column-1\">06.01.2024<\/td><td class=\"column-2\">Volker<\/td><td class=\"column-3\"><\/td><td class=\"column-4\">Petra<\/td><td class=\"column-5\">Sibylle<\/td><td class=\"column-6\"><\/td>\n<\/tr>\n<tr class=\"row-6\">\n\t<td class=\"column-1\">20.01.2024<\/td><td class=\"column-2\">Reiner<\/td><td class=\"column-3\"><\/td><td class=\"column-4\">Dagmar<\/td><td class=\"column-5\">Petra<\/td><td class=\"column-6\"><\/td>\n<\/tr>\n<tr class=\"row-7\">\n\t<td class=\"column-1\">03.02.2024<\/td><td class=\"column-2\">Reiner<\/td><td class=\"column-3\"><\/td><td class=\"column-4\">Sibylle<\/td><td class=\"column-5\">Petra<\/td><td class=\"column-6\"><\/td>\n<\/tr>\n<tr class=\"row-8\">\n\t<td class=\"column-1\">17.02.2024<\/td><td class=\"column-2\">Reiner<\/td><td class=\"column-3\"><\/td><td class=\"column-4\">Gerhild<\/td><td class=\"column-5\">Marion &amp; Ingo M.-K.<\/td><td class=\"column-6\"><\/td>\n<\/tr>\n<tr class=\"row-9\">\n\t<td class=\"column-1\">02.03.2024<\/td><td class=\"column-2\">Reiner<\/td><td class=\"column-3\"><\/td><td class=\"column-4\">Gisela &amp; Ingo B.<\/td><td class=\"column-5\">Heidrun<\/td><td class=\"column-6\"><\/td>\n<\/tr>\n<tr class=\"row-10\">\n\t<td class=\"column-1\">16.03.2024<\/td><td class=\"column-2\">Reiner<\/td><td class=\"column-3\"><\/td><td class=\"column-4\">Petra<\/td><td class=\"column-5\">Bernhard<\/td><td class=\"column-6\"><\/td>\n<\/tr>\n<\/tbody>\n<\/table>\n<!-- #tablepress-18 from cache --><\/p>\n","protected":false},"excerpt":{"rendered":"<p>Die Termine f\u00fcr die Wintermasters 2017\/2018: Turniertermin Anmeldezeitraum 1. WM &#8211; Sa. 04. Nov. 2017 So. 22. Okt. 2017 bis Fr. 03. Nov. 2017 &#8211; 18:00 Uhr 2. WM &#8211; Sa. 18. Nov. 2017 So. 05. Nov. 2017 bis Fr. 17. Nov. 2017 &#8211; 18:00 Uhr 3. WM &#8211; Sa. 02. Dez. 2017 So. 19. [&hellip;]<\/p>\n","protected":false},"author":1,"featured_media":0,"parent":6706,"menu_order":14,"comment_status":"closed","ping_status":"closed","template":"","meta":{"_exactmetrics_skip_tracking":false,"_exactmetrics_sitenote_active":false,"_exactmetrics_sitenote_note":"","_exactmetrics_sitenote_category":0,"_monsterinsights_skip_tracking":false,"_monsterinsights_sitenote_active":false,"_monsterinsights_sitenote_note":"","_monsterinsights_sitenote_category":0,"footnotes":""},"class_list":["post-7945","page","type-page","status-publish","hentry"],"aioseo_notices":[],"_links":{"self":[{"href":"https:\/\/boule-im-rheingau.de\/index.php?rest_route=\/wp\/v2\/pages\/7945","targetHints":{"allow":["GET"]}}],"collection":[{"href":"https:\/\/boule-im-rheingau.de\/index.php?rest_route=\/wp\/v2\/pages"}],"about":[{"href":"https:\/\/boule-im-rheingau.de\/index.php?rest_route=\/wp\/v2\/types\/page"}],"author":[{"embeddable":true,"href":"https:\/\/boule-im-rheingau.de\/index.php?rest_route=\/wp\/v2\/users\/1"}],"replies":[{"embeddable":true,"href":"https:\/\/boule-im-rheingau.de\/index.php?rest_route=%2Fwp%2Fv2%2Fcomments&post=7945"}],"version-history":[{"count":1,"href":"https:\/\/boule-im-rheingau.de\/index.php?rest_route=\/wp\/v2\/pages\/7945\/revisions"}],"predecessor-version":[{"id":14186,"href":"https:\/\/boule-im-rheingau.de\/index.php?rest_route=\/wp\/v2\/pages\/7945\/revisions\/14186"}],"up":[{"embeddable":true,"href":"https:\/\/boule-im-rheingau.de\/index.php?rest_route=\/wp\/v2\/pages\/6706"}],"wp:attachment":[{"href":"https:\/\/boule-im-rheingau.de\/index.php?rest_route=%2Fwp%2Fv2%2Fmedia&parent=7945"}],"curies":[{"name":"wp","href":"https:\/\/api.w.org\/{rel}","templated":true}]}}