{"id":6758,"date":"2015-09-11T15:51:04","date_gmt":"2015-09-11T13:51:04","guid":{"rendered":"http:\/\/boule-im-rheingau.net\/?page_id=6758"},"modified":"2023-12-18T15:41:22","modified_gmt":"2023-12-18T14:41:22","slug":"turniermodus-2","status":"publish","type":"page","link":"https:\/\/boule-im-rheingau.de\/?page_id=6758","title":{"rendered":"Turniermodus"},"content":{"rendered":"\n<p><strong>Neu ab WM 2023\/24<\/strong>: <strong> Startgeb\u00fchr f\u00fcr alle Teilnehmer 5\u20ac pro Person. Siegpr\u00e4mie   pro Spieltag: 50\u20ac f\u00fcr das erstplatzierte Team, 30\u20ac f\u00fcr das zweitplatzierte Team. Die Startgelder werden zu 100% \u00fcber die Turnierserie ausgezahlt.<\/strong> (siehe unten)<\/p>\n\n\n\n<p>Zwischen November\u00a0 und M\u00e4rz\u00a0 werden an maximal zehn Samstagen (i.d.R. zwei pro Monat) jeweils abgeschlossene Turniere gespielt. Zu jedem Turnier werden aus den angemeldeten Teilnehmern f\u00fcr die Vorrunden Doublette-Teams per Los gebildet (Supermele\u00e9).   Diese Form der Teambildung bietet die M\u00f6glichkeit, auch einmal mit anderen Partnern zu spielen als \u00fcblich. Mal hat man einen besseren, manchmal auch einen weniger starken Partner, aber fast immer einen netten Mitspieler. Die Erfahrung zeigt: Das Los ist nicht dumm. <\/p>\n\n\n\n<p>An jedem Spieltag spielen bis zu 24 Teilnehmer um den Tagessieg. Nach einer Vorrunde mit drei frei gelosten Spielrunden (Doublette supermel\u00e9e), ermitteln die  bestplatzieren Teilnehmer der Vorrunde in der Finalrunde im KO-System die Sieger des  Turniertages. Die Teams der Finalrunde  werden gelost und bleiben bis zum Finale zusammen. An jedem Turniertag werden die zwei erfolgreichsten Formationen als Tagessieger geehrt und belohnt. Jedem Teilnehmer sind auf diese Weise mindestens drei Spiele  garantiert.<\/p>\n\n\n\n<p>\u00dcber alle Einzel-Turniere hinweg wird eine Gesamtwertung f\u00fcr Einzelspieler gef\u00fchrt. Am Ende der Turnierserie werden beim letzten Turnier die vier erfolgreichsten Spieler der Saison bei den <strong>RHEINGAU &#8211; Wintermasters<\/strong> ausgezeichnet. <\/p>\n\n\n\n<p>Wie wird f\u00fcr die Gesamtwertung gewertet? Ganz einfach! \u00c4hnlich wie in der Formel 1:<\/p>\n\n\n\n<ul class=\"wp-block-list\">\n<li>Tagessieger = 10 Punkte<\/li>\n\n\n\n<li>2. Platz = 8 Punkte<\/li>\n\n\n\n<li>3. Platz (2 Teams= unterlegen im Halbfinale) = 6 Punkte<\/li>\n\n\n\n<li>5. Platz (Verlierer der 1. KO-Runde) = 3 Punkte<\/li>\n<\/ul>\n\n\n\n<h2 class=\"wp-block-heading\" id=\"zum-ablauf-der-einzelturniere\">Zum Ablauf der Einzelturniere<\/h2>\n\n\n\n<p>Aufgrund der Voranmeldungen erfolgt bereits am Freitagabend die Auslosung der Teams und das Erstellen des Spielplans f\u00fcr die Vorrunde. Dabei gilt es, m\u00f6glichst eine gerade Anzahl von Teams zu bilden (kein Freilos). So wird entweder versucht, das Teilnehmerfeld noch aufzuf\u00fcllen (Telefonakquisition) oder aber die zuletzt angemeldeten Teilnehmer den Teams mit der h\u00f6chsten gelosten Teamnummer zuzuordnen und so eine oder zwei Tripletteformationen zu bilden. Zum Start des Turniers am Samstag h\u00e4ngt bereits vor 12:00 Uhr die Liste der Teams f\u00fcr die 3 Vorrunden aus. Deshalb kann p\u00fcnktlich um 12:00 Uhr mit den Spielen begonnen werden.<\/p>\n\n\n\n<p>Im Turnierablauf wird versucht, Freilose und sonstige l\u00e4ngere Wartezeiten zu vermeiden (keine Barrage oder Cadrage). Am Spielort in der Boulescheune stehen nur sechs Bahnen zur Verf\u00fcgung. Deshalb ist die Teilnehmerzahl f\u00fcr ein Turnier auf maximal 24 Personen begrenzt = 12 Doubletteteams. Damit ist sichergestellt, dass alle Teams gleichzeitig spielen k\u00f6nnen.<\/p>\n\n\n\n<p>Bei weniger als 12 angemeldeten Teilnehmern (&lt; 6 Teams) wird kein Turnier gespielt. Eine Wertung w\u00e4re im Hinblick auf die Gesamtwertung nicht gerecht. Au\u00dferdem w\u00e4re der organisatorische Aufwand unangemessen hoch. (Die Absage erfolgt per eMail an alle angemeldeten Teilnehmer)<\/p>\n\n\n\n<p>In der Vorrunde werden drei frei geloste Runden gespielt, sie dient zur Bildung einer Platzierungsfolge. Die bestplatzierten Teilnehmer der Vorrunde erreichen die Finalrunde, in der im KO-Modus die Tagessieger ermittelt werden. <strong>Alle Spiele der Vor- und Finalrunde werden mit Zeitbegrenzung gespielt, 50 Min. + 2 Aufnahmen<\/strong>.<\/p>\n\n\n\n<p>Ab 10 teilnehmenden Teams erreichen die 16 bestplatzierten Teilnehmer der Vorrunde die Finalrunde im KO-System. Bei 6 oder 8 teilnehmenden Teams erreichen nur die 8 bestplatzierten Teilnehmer die Finalrunde. Es wird dann also gleich das Halbfinale gespielt. Damit wird ausgeschlossen, dass bei geringer Teilnehmerzahl in der Vorrunde sieglose Teams die Finalrunde erreichen.<\/p>\n\n\n\n<p>Die weitgehende Vorbereitung und der klare Turniermodus f\u00fchrt dazu, dass der zeitliche Umfang eines Turniertages \u00fcberschaubar bleibt.<\/p>\n\n\n\n<p><strong>F\u00fcr die Turnierteilnahme ist ein Startgeld von 5,00 \u20ac pro Person zu entrichten. Die Startgelder werden zu 100% \u00fcber die Turnierserie ausgezahlt.&nbsp;Pro Spieltag erh\u00e4lt das erstplatzierte Team 50\u20ac, das zweite 30\u20ac. Der Rest wird am Ende der Serie an die vier bestplatzierten Spieler ausgesch\u00fcttet.&nbsp;<\/strong><\/p>\n\n\n\n<p>Wir freuen uns auf Euch und hoffen auf viele sch\u00f6ne Spiele und nette Turniernachmittage<\/p>\n\n\n\n<hr class=\"wp-block-separator has-css-opacity is-style-wide\"\/>\n\n\n\n<p class=\"has-text-align-center\">Anmeldungen <span style=\"text-decoration: underline;\">nur schriftlich<\/span> per eMail unbedingt nur an <\/p>\n\n\n\n<p class=\"has-text-align-center\"><a href=\"mailto:wintermasters@boule-im-rheingau.de?subject=Anmeldung%20Wintermastersturnier\" title=\"\">wintermasters@boule-im-rheingau.de <\/a><\/p>\n\n\n\n<p>Anmeldeschluss: jeweils Freitag vor dem Turnier &#8211; 18:00 Uhr.<\/p>\n\n\n\n<p><strong><span style=\"color: #339966;\">Die aktuelle Liste der zum jeweiligen Turnier vorliegenden Anmeldungen ist unter dem betreffenden Termineintrag im <a href=\"\/\/boule-im-rheingau.de\/?page_id=5545&amp;ai1ec=\" target=\"_blank\" rel=\"noreferrer noopener\" aria-label=\" (\u00f6ffnet in neuem Tab)\">Terminkalender dieser Webseite<\/a> zu ersehen.<\/span><\/strong><\/p>\n","protected":false},"excerpt":{"rendered":"<p>Neu ab WM 2023\/24: Startgeb\u00fchr f\u00fcr alle Teilnehmer 5\u20ac pro Person. Siegpr\u00e4mie pro Spieltag: 50\u20ac f\u00fcr das erstplatzierte Team, 30\u20ac f\u00fcr das zweitplatzierte Team. Die Startgelder werden zu 100% \u00fcber die Turnierserie ausgezahlt. (siehe unten) Zwischen November\u00a0 und M\u00e4rz\u00a0 werden an maximal zehn Samstagen (i.d.R. zwei pro Monat) jeweils abgeschlossene Turniere gespielt. Zu jedem Turnier [&hellip;]<\/p>\n","protected":false},"author":1,"featured_media":0,"parent":6706,"menu_order":0,"comment_status":"closed","ping_status":"closed","template":"","meta":{"_exactmetrics_skip_tracking":false,"_exactmetrics_sitenote_active":false,"_exactmetrics_sitenote_note":"","_exactmetrics_sitenote_category":0,"_monsterinsights_skip_tracking":false,"_monsterinsights_sitenote_active":false,"_monsterinsights_sitenote_note":"","_monsterinsights_sitenote_category":0,"footnotes":""},"class_list":["post-6758","page","type-page","status-publish","hentry"],"aioseo_notices":[],"_links":{"self":[{"href":"https:\/\/boule-im-rheingau.de\/index.php?rest_route=\/wp\/v2\/pages\/6758","targetHints":{"allow":["GET"]}}],"collection":[{"href":"https:\/\/boule-im-rheingau.de\/index.php?rest_route=\/wp\/v2\/pages"}],"about":[{"href":"https:\/\/boule-im-rheingau.de\/index.php?rest_route=\/wp\/v2\/types\/page"}],"author":[{"embeddable":true,"href":"https:\/\/boule-im-rheingau.de\/index.php?rest_route=\/wp\/v2\/users\/1"}],"replies":[{"embeddable":true,"href":"https:\/\/boule-im-rheingau.de\/index.php?rest_route=%2Fwp%2Fv2%2Fcomments&post=6758"}],"version-history":[{"count":5,"href":"https:\/\/boule-im-rheingau.de\/index.php?rest_route=\/wp\/v2\/pages\/6758\/revisions"}],"predecessor-version":[{"id":14166,"href":"https:\/\/boule-im-rheingau.de\/index.php?rest_route=\/wp\/v2\/pages\/6758\/revisions\/14166"}],"up":[{"embeddable":true,"href":"https:\/\/boule-im-rheingau.de\/index.php?rest_route=\/wp\/v2\/pages\/6706"}],"wp:attachment":[{"href":"https:\/\/boule-im-rheingau.de\/index.php?rest_route=%2Fwp%2Fv2%2Fmedia&parent=6758"}],"curies":[{"name":"wp","href":"https:\/\/api.w.org\/{rel}","templated":true}]}}