{"id":6706,"date":"2015-09-08T15:46:01","date_gmt":"2015-09-08T13:46:01","guid":{"rendered":"http:\/\/boule-im-rheingau.net\/?page_id=6706"},"modified":"2024-09-26T16:50:11","modified_gmt":"2024-09-26T14:50:11","slug":"rheingau-wintermasters-2","status":"publish","type":"page","link":"https:\/\/boule-im-rheingau.de\/?page_id=6706","title":{"rendered":"Rheingau Wintermasters"},"content":{"rendered":"\n<figure class=\"wp-block-image\"><a href=\"wp-content\/bilder\/Boulescheune-aussen-550.jpg\"><img decoding=\"async\" src=\"wp-content\/bilder\/Boulescheune-aussen-550.jpg\" alt=\"\"\/><\/a><\/figure>\n\n\n\n<p>Die RHEINGAU &#8211; Wintermasters sind eine seit dem Winter 2012\/2013 zwischen November und M\u00e4rz gespielte Turnierserie f\u00fcr die Rheingauer Boulespieler und deren Freunde. Im Abstand von \u00fcblicherweise 14 Tagen werden insgesamt zehn Turniere gespielt, also jeweils zwei Turniere pro Monat. Die Turniere bieten den Rheingauer Boulespielern und ihren G\u00e4sten die M\u00f6glichkeit, \u00fcber den Winter eine lokale, durchlaufende Turnierserie zu spielen. Neben relativ kurzen Anfahrtswegen (zumindest f\u00fcr die Mehrzahl der Teilnehmer) bietet der Turniermodus nach den bisher gemachten Erfahrungen einen gesicherten und \u00fcberschaubaren Zeitrahmen (\u00fcblicherweise ist man immer vor 21:00 Uhr fertig, obwohl immer alle Finalspiele zu Ende gespielt wurden).<\/p>\n\n\n\n<p>Gespielt wird in der Boulescheune Nothgottes oberhalb von R\u00fcdesheim \/ Rhein. Die Boulescheune ist eine alte Feldscheune im Hofgut , das Teil der Klosteranlage Nothgottes ist. In der Scheune befindet sich ein Betonboden, auf dem Sand und Mor\u00e4nensplitt aufgebracht sind. Ein interessantes und nicht ganz einfaches Terrain, vergleichbar vielen tempor\u00e4ren Turnierpl\u00e4tzen in S\u00fcd-Frankreich. F\u00fcr die Spiele stehen sechs Bahnen mit jeweils 11,5 m x 3 m zur Verf\u00fcgung. Gespielt wird an jedem Turniertag mit max. zw\u00f6lf Teams, sodass keine unn\u00f6tigen Wartezeiten entstehen<\/p>\n\n\n\n<p><span style=\"color: #ff6600;\"><strong>Hier die Anfahrtsbeschreibung zur Boulescheune Nothgottes:<\/strong><\/span><\/p>\n\n\n\n<p><span style=\"color: #ff6600;\">Die Boulescheune Nothgottes erreicht man mit dem Auto von Wiesbaden \/ Geisenheim auf der B42 kommend, indem man bei der ersten M\u00f6glichkeit nach dem Ortseingang R\u00fcdesheim rechts abbiegt und der sehr guten Ausschilderung &#8222;Nothgottes&#8220; bzw. &#8222;Windeck\/Trift&#8220; folgt. Im R\u00fcdesheimer Ortsteil Windeck zweigt ein schmaler Zufahrtsweg durch den Wald in Richtung Nothgottes \/ Boulescheune (Hinweisschild) ab. Dem Weg folgt man bis zu dessen Ende um das Kloster herum. Am Ende des aspaltierten Weges befindet sich auf der rechten Seite die Boulescheune (ausgeschildert). <strong>Achtung:<\/strong> Nach der Kurve um das Kloster befinden sich auf dem Weg zwei heftige Querrinnen, die man unbedingt <strong>im Schritttempo<\/strong> \u00fcberfahren sollte. Geparkt wird entlang des Weges (<strong>nicht im Innenhof!<\/strong>). Bitte so parken, dass ein gro\u00dfer Bus durchkommt (Bewohnertransport) oder auch im Notfall ein gro\u00dfes Feuerwehrfahrzeug.<br><strong>Bitte nicht im Hof parken!!!<\/strong><\/span><\/p>\n\n\n\n<p>F\u00fcr die Teilnahme an einem Turnier der RHEINGAU-Wintermasters ist unbedingt eine Anmeldung per eMail (an <a href=\"mailto:wintermasters@boule-im-rheingau.de?subject=Anmeldung%20Wintermastersturnier\">wintermasters@boule-im-rheingau.de <\/a>) erforderlich. Anmeldeschluss ist jeweils der <strong>Freitag<\/strong> vor dem Turniertag bis sp\u00e4testens <strong>18:00 Uhr.&nbsp;<\/strong> Nur so k\u00f6nnen wir sicherstellen, dass die Auslosung aller Teams und der Begegnungen der Vorrunde zum Turnierbeginn bereits vorliegt und die Spiele p\u00fcnktlich um 12:00 Uhr beginnen. <\/p>\n\n\n\n<p><strong>Die Termine f\u00fcr die Anmeldung zu den Turnieren sind der Turnier\u00fcbersicht auf der Seite Termine und Anmeldung (s.u.) zu entnehmen.<\/strong><\/p>\n\n\n\n<p>Wir freuen uns auf Euch und hoffen auf viele sch\u00f6ne Spiele und nette Turniernachmittage.<\/p>\n\n\n\n<p><a href=\"\/\/boule-im-rheingau.de\/?page_id=6758\">Der Turniermodus<\/a><\/p>\n\n\n\n<p><a href=\"https:\/\/boule-im-rheingau.de\/?page_id=14609\">Rheingau Wintermasters 2024\/2025 &#8211; Termine und Anmeldung<\/a><\/p>\n\n\n\n<p><a title=\"\" href=\"https:\/\/boule-im-rheingau.de\/?page_id=13963\">Rheingau Wintermasters 2023\/2024 &#8211; Termine und Anmeldung<\/a><\/p>\n\n\n\n<p><a href=\"https:\/\/boule-im-rheingau.de\/?page_id=13212\">Rheingau Wintermasters 2022\/2023 &#8211; Termine und Anmeldung<\/a><\/p>\n\n\n\n<p><a href=\"\/\/boule-im-rheingau.de\/?page_id=11442\">Rheingau Wintermasters 2019\/2020 &#8211; Termine und Anmeldung<\/a><\/p>\n\n\n\n<p><a href=\"\/\/boule-im-rheingau.de\/?page_id=10156\">Rheingau Wintermasters 2018\/2019 &#8211; Termine und Anmeldung<\/a><\/p>\n\n\n\n<p><a href=\"\/\/boule-im-rheingau.de\/?page_id=7945\">Rheingau Wintermasters 2017\/2018 &#8211; Termine und Anmeldung<\/a><\/p>\n\n\n\n<p><a href=\"\/\/boule-im-rheingau.de\/?page_id=6671\">R\u00fcckblick: Rheingau Wintermasters 2015\/2016<\/a><\/p>\n\n\n\n<p><a href=\"\/\/boule-im-rheingau.de\/?page_id=5530\">R\u00fcckblick: Rheingau Wintermasters 2014\/2015<\/a><\/p>\n\n\n\n<p><a href=\"\/\/boule-im-rheingau.de\/?page_id=5085\">R\u00fcckblick: Rheingau Wintermasters 2013\/2014<\/a><\/p>\n\n\n\n<p><a href=\"\/\/boule-im-rheingau.de\/?page_id=1469\">R\u00fcckblick: Rheingau Wintermasters 2012\/2013<\/a><\/p>\n","protected":false},"excerpt":{"rendered":"<p>Die RHEINGAU &#8211; Wintermasters sind eine seit dem Winter 2012\/2013 zwischen November und M\u00e4rz gespielte Turnierserie f\u00fcr die Rheingauer Boulespieler und deren Freunde. Im Abstand von \u00fcblicherweise 14 Tagen werden insgesamt zehn Turniere gespielt, also jeweils zwei Turniere pro Monat. Die Turniere bieten den Rheingauer Boulespielern und ihren G\u00e4sten die M\u00f6glichkeit, \u00fcber den Winter eine [&hellip;]<\/p>\n","protected":false},"author":1,"featured_media":0,"parent":0,"menu_order":5,"comment_status":"closed","ping_status":"closed","template":"","meta":{"_exactmetrics_skip_tracking":false,"_exactmetrics_sitenote_active":false,"_exactmetrics_sitenote_note":"","_exactmetrics_sitenote_category":0,"_monsterinsights_skip_tracking":false,"_monsterinsights_sitenote_active":false,"_monsterinsights_sitenote_note":"","_monsterinsights_sitenote_category":0,"footnotes":""},"class_list":["post-6706","page","type-page","status-publish","hentry"],"aioseo_notices":[],"_links":{"self":[{"href":"https:\/\/boule-im-rheingau.de\/index.php?rest_route=\/wp\/v2\/pages\/6706","targetHints":{"allow":["GET"]}}],"collection":[{"href":"https:\/\/boule-im-rheingau.de\/index.php?rest_route=\/wp\/v2\/pages"}],"about":[{"href":"https:\/\/boule-im-rheingau.de\/index.php?rest_route=\/wp\/v2\/types\/page"}],"author":[{"embeddable":true,"href":"https:\/\/boule-im-rheingau.de\/index.php?rest_route=\/wp\/v2\/users\/1"}],"replies":[{"embeddable":true,"href":"https:\/\/boule-im-rheingau.de\/index.php?rest_route=%2Fwp%2Fv2%2Fcomments&post=6706"}],"version-history":[{"count":11,"href":"https:\/\/boule-im-rheingau.de\/index.php?rest_route=\/wp\/v2\/pages\/6706\/revisions"}],"predecessor-version":[{"id":14641,"href":"https:\/\/boule-im-rheingau.de\/index.php?rest_route=\/wp\/v2\/pages\/6706\/revisions\/14641"}],"wp:attachment":[{"href":"https:\/\/boule-im-rheingau.de\/index.php?rest_route=%2Fwp%2Fv2%2Fmedia&parent=6706"}],"curies":[{"name":"wp","href":"https:\/\/api.w.org\/{rel}","templated":true}]}}