{"id":11442,"date":"2019-10-04T14:14:01","date_gmt":"2019-10-04T12:14:01","guid":{"rendered":"http:\/\/boule-im-rheingau.net\/?page_id=11442"},"modified":"2023-12-31T12:05:18","modified_gmt":"2023-12-31T11:05:18","slug":"rheingau-wintermasters-2019-2020-termine-anmeldung-ergebnisse-helferliste","status":"publish","type":"page","link":"https:\/\/boule-im-rheingau.de\/?page_id=11442","title":{"rendered":"RHEINGAU Wintermasters 2019\/2020 \u2013 <\/br>Termine \u2013 Anmeldung \u2013 Ergebnisse \u2013 Helferliste"},"content":{"rendered":"\n<p><strong>Die Termine f\u00fcr die Wintermasters 2019\/2020:<\/strong><\/p>\n\n\n\n<table id=\"tablepress-62\" class=\"tablepress tablepress-id-62\">\n<thead>\n<tr class=\"row-1\">\n\t<th class=\"column-1\">Spielrunde<\/th><th class=\"column-2\">Termin<\/th><th class=\"column-3\">Anmelde-Beginn<\/th><th class=\"column-4\">Anmelde-Ende<\/th><td class=\"column-5\"><\/td>\n<\/tr>\n<\/thead>\n<tbody class=\"row-striping row-hover\">\n<tr class=\"row-2\">\n\t<td class=\"column-1\">01<\/td><td class=\"column-2\">Sa. 02.11.2019 12:00<\/td><td class=\"column-3\">So. 20.10.2019 10:00<\/td><td class=\"column-4\">Fr. 01.11.2019 18:00<\/td><td class=\"column-5\"><\/td>\n<\/tr>\n<tr class=\"row-3\">\n\t<td class=\"column-1\">02<\/td><td class=\"column-2\">Sa. 16.11.2019 12:00<\/td><td class=\"column-3\">So. 03.11.2019 10:00<\/td><td class=\"column-4\">Fr. 15.11.2019 18:00<\/td><td class=\"column-5\"><\/td>\n<\/tr>\n<tr class=\"row-4\">\n\t<td class=\"column-1\">03<\/td><td class=\"column-2\">Sa. 30.11.2019 12:00<\/td><td class=\"column-3\">So. 17.11.2019 10:00<\/td><td class=\"column-4\">Fr. 29.11.2019 18:00<\/td><td class=\"column-5\"><\/td>\n<\/tr>\n<tr class=\"row-5\">\n\t<td class=\"column-1\">04<\/td><td class=\"column-2\">Sa. 14.12.2019 12:00<\/td><td class=\"column-3\">So. 01.12.2019 10:00<\/td><td class=\"column-4\">Fr. 13.12.2019 18:00<\/td><td class=\"column-5\"><\/td>\n<\/tr>\n<tr class=\"row-6\">\n\t<td class=\"column-1\">05<\/td><td class=\"column-2\">Sa. 28.12.2019 12:00<\/td><td class=\"column-3\">So. 15.12.2019 10:00<\/td><td class=\"column-4\">Fr. 27.12.2019 18:00<\/td><td class=\"column-5\"><\/td>\n<\/tr>\n<tr class=\"row-7\">\n\t<td class=\"column-1\">06<\/td><td class=\"column-2\">Sa. 11.01.2020 12:00<\/td><td class=\"column-3\">So. 29.12.2019 10:00<\/td><td class=\"column-4\">Fr. 10.01.2020 18:00<\/td><td class=\"column-5\"><\/td>\n<\/tr>\n<tr class=\"row-8\">\n\t<td class=\"column-1\">07<\/td><td class=\"column-2\">Sa. 25.01.2020 12:00<\/td><td class=\"column-3\">So. 12.01.2020 10:00<\/td><td class=\"column-4\">Fr. 24.01.2020 18:00<\/td><td class=\"column-5\"><\/td>\n<\/tr>\n<tr class=\"row-9\">\n\t<td class=\"column-1\">08<\/td><td class=\"column-2\">Sa. 08.02.2020 12:00<\/td><td class=\"column-3\">So. 26.01.2020 10:00<\/td><td class=\"column-4\">Fr. 07.02.2020 18:00<\/td><td class=\"column-5\"><\/td>\n<\/tr>\n<tr class=\"row-10\">\n\t<td class=\"column-1\">09<\/td><td class=\"column-2\">Sa. 22.02.2020 12:00<\/td><td class=\"column-3\">So. 09.02.2020 10:00<\/td><td class=\"column-4\">Fr. 21.02.2020 18:00<\/td><td class=\"column-5\"><\/td>\n<\/tr>\n<tr class=\"row-11\">\n\t<td class=\"column-1\">10<\/td><td class=\"column-2\">Sa. 07.03.2020 12:00<\/td><td class=\"column-3\">So. 23.02.2020 10:00<\/td><td class=\"column-4\">Fr. 06.03.2020 18:00<\/td><td class=\"column-5\"><\/td>\n<\/tr>\n<\/tbody>\n<\/table>\n<!-- #tablepress-62 from cache -->\n\n\n\n<p>\nF\u00fcr Essen und Trinken ist gesorgt: Ein warmer Eintopf,&nbsp; Gl\u00fchwein der \nSaison (darf im Rheingau nicht fehlen), Kaffee und Kuchen \u2013 da kann man \nes sich bei sehr moderaten Preisen gut gehen lassen.\n\n<\/p>\n\n\n\n<hr class=\"wp-block-separator has-css-opacity is-style-wide\"\/>\n\n\n\n<p class=\"has-text-align-center has-medium-font-size\"><strong>Achtung: wesentliche \u00c4nderung:<\/strong><br><strong>ab Nov. 2018: Spielbeginn jeweils 12:00 Uhr&nbsp; !!!<\/strong><\/p>\n\n\n\n<hr class=\"wp-block-separator has-css-opacity is-style-wide\"\/>\n\n\n\n<p class=\"has-text-align-center\"><strong>Anmeldungen nur schriftlich per eMail und unbedingt nur an<br> wintermasters@boule-im-rheingau.de  <\/strong><\/p>\n\n\n\n<ul class=\"wp-block-list\">\n<li> Anmeldungen: <strong>ab Sonntag 10.00 Uhr nach dem letzten Turniertag<\/strong><\/li>\n\n\n\n<li> Anmeldeschluss: <strong>jeweils Freitag vor dem n\u00e4chsten Turniertag \u2013 18:00 Uhr.<\/strong><\/li>\n<\/ul>\n\n\n\n<p>Au\u00dferhalb des Anmeldezeitraums eingehende Anmeldungen werden nicht angenommen. Korrekt eingegangene Anmeldungen werden schnellstm\u00f6glich in der Anmeldetabelle unter dem Termineintrag f\u00fcr das betreffende Turnier eingetragen und ver\u00f6ffentlicht. Mit der Beschr\u00e4nkung des Anmeldezeitraums kommen wir einem vielfach  ge\u00e4u\u00dferten Wunsch nach und geben so jedem Interessierten die Chance, an einem Turnier  teilzunehmen. Durch die Vorabanmeldung entf\u00e4llt die Einschreibung am  Turniertag und wir k\u00f6nnen bereits die Auslosung und Erstellung des  Spielplans vornehmen. So k\u00f6nnen die Spiele p\u00fcnktlich um 12:00 Uhr  beginnen. <\/p>\n\n\n\n<p class=\"has-text-align-center\"><strong>F\u00fcr jedes Turnier werden 24 feste Teilnehmeranmeldungen <\/strong><br><strong>(= 12 Doubletteteams) angenommen!<\/strong> <br><strong>F\u00fcr dar\u00fcberhinaus eingehende Anmeldungen wird eine Warteliste gef\u00fchrt.<\/strong><\/p>\n\n\n\n<p>Sollte kurzfristig eine Teilnahme nicht m\u00f6glich sein (z.B.  wegen Erkrankung, was hoffentlich nicht vorkommt),  bitten wir um  eine Nachricht per eMail oder Telefon, damit wir den Platz ggf. an einen  Mitspieler auf der Warteliste vergeben k\u00f6nnen. <\/p>\n\n\n\n<p>Bei weniger als 12 angemeldeten Teilnehmern (&lt; 6 Teams) wird kein  Turnier gespielt. Eine Wertung w\u00e4re im Hinblick auf die Gesamtwertung  nicht gerecht. Au\u00dferdem w\u00e4re der organisatorische Aufwand unangemessen  hoch. (Die Absage erfolgt per eMail an alle angemeldeten Teilnehmer)<\/p>\n\n\n\n<p><strong>Aktueller Stand der Gesamtwertung der laufenden Turnierserie<\/strong><\/p>\n\n\n<div class=\"wp-block-image\">\n<figure class=\"aligncenter\"><a href=\"\/\/boule-im-rheingau.de\/wp-content\/dateien\/WM-2019-Gesamtwertung-akt.pdf\" target=\"_blank\" rel=\"noreferrer noopener\"><img loading=\"lazy\" decoding=\"async\" width=\"106\" height=\"150\" src=\"\/\/boule-im-rheingau.de\/wp-content\/uploads\/2019\/10\/Gesamtergebnis-Bild-1.jpg\" alt=\"\" class=\"wp-image-11453\"\/><\/a><figcaption class=\"wp-element-caption\">Aktuelles <br>Gesamtergebnis<\/figcaption><\/figure>\n<\/div>\n\n\n<hr class=\"wp-block-separator has-css-opacity is-style-wide\"\/>\n\n\n<h2 id=\"tablepress-18-name\" class=\"tablepress-table-name tablepress-table-name-id-18\">Helferliste Wintermasters 2023\/2024<\/h2>\n\n<table id=\"tablepress-18\" class=\"tablepress tablepress-id-18\" aria-labelledby=\"tablepress-18-name\">\n<thead>\n<tr class=\"row-1\">\n\t<th class=\"column-1\">Turnierdatum<\/th><th class=\"column-2\">Turnierleitung<\/th><th class=\"column-3\">Kasse<\/th><th class=\"column-4\">Eintopf<\/th><th class=\"column-5\">Kuchen<\/th><th class=\"column-6\">Thekendienst<\/th>\n<\/tr>\n<\/thead>\n<tbody class=\"row-striping row-hover\">\n<tr class=\"row-2\">\n\t<td class=\"column-1\">18.11.2023<\/td><td class=\"column-2\">Reiner<\/td><td class=\"column-3\"><\/td><td class=\"column-4\">Sibylle<\/td><td class=\"column-5\">Monika<\/td><td class=\"column-6\"><\/td>\n<\/tr>\n<tr class=\"row-3\">\n\t<td class=\"column-1\">02.12.2023<\/td><td class=\"column-2\">Bernhard<\/td><td class=\"column-3\"><\/td><td class=\"column-4\">Gerhild<\/td><td class=\"column-5\">Monika<\/td><td class=\"column-6\"><\/td>\n<\/tr>\n<tr class=\"row-4\">\n\t<td class=\"column-1\">16.12.2023<\/td><td class=\"column-2\">Reiner<\/td><td class=\"column-3\"><\/td><td class=\"column-4\">Heidrun<\/td><td class=\"column-5\">Gisela<\/td><td class=\"column-6\"><\/td>\n<\/tr>\n<tr class=\"row-5\">\n\t<td class=\"column-1\">06.01.2024<\/td><td class=\"column-2\">Volker<\/td><td class=\"column-3\"><\/td><td class=\"column-4\">Petra<\/td><td class=\"column-5\">Sibylle<\/td><td class=\"column-6\"><\/td>\n<\/tr>\n<tr class=\"row-6\">\n\t<td class=\"column-1\">20.01.2024<\/td><td class=\"column-2\">Reiner<\/td><td class=\"column-3\"><\/td><td class=\"column-4\">Dagmar<\/td><td class=\"column-5\">Petra<\/td><td class=\"column-6\"><\/td>\n<\/tr>\n<tr class=\"row-7\">\n\t<td class=\"column-1\">03.02.2024<\/td><td class=\"column-2\">Reiner<\/td><td class=\"column-3\"><\/td><td class=\"column-4\">Sibylle<\/td><td class=\"column-5\">Petra<\/td><td class=\"column-6\"><\/td>\n<\/tr>\n<tr class=\"row-8\">\n\t<td class=\"column-1\">17.02.2024<\/td><td class=\"column-2\">Reiner<\/td><td class=\"column-3\"><\/td><td class=\"column-4\">Gerhild<\/td><td class=\"column-5\">Marion &amp; Ingo M.-K.<\/td><td class=\"column-6\"><\/td>\n<\/tr>\n<tr class=\"row-9\">\n\t<td class=\"column-1\">02.03.2024<\/td><td class=\"column-2\">Reiner<\/td><td class=\"column-3\"><\/td><td class=\"column-4\">Gisela &amp; Ingo B.<\/td><td class=\"column-5\">Heidrun<\/td><td class=\"column-6\"><\/td>\n<\/tr>\n<tr class=\"row-10\">\n\t<td class=\"column-1\">16.03.2024<\/td><td class=\"column-2\">Reiner<\/td><td class=\"column-3\"><\/td><td class=\"column-4\">Petra<\/td><td class=\"column-5\">Bernhard<\/td><td class=\"column-6\"><\/td>\n<\/tr>\n<\/tbody>\n<\/table>\n<!-- #tablepress-18 from cache -->\n","protected":false},"excerpt":{"rendered":"<p>Die Termine f\u00fcr die Wintermasters 2019\/2020: F\u00fcr Essen und Trinken ist gesorgt: Ein warmer Eintopf,&nbsp; Gl\u00fchwein der Saison (darf im Rheingau nicht fehlen), Kaffee und Kuchen \u2013 da kann man es sich bei sehr moderaten Preisen gut gehen lassen. Achtung: wesentliche \u00c4nderung:ab Nov. 2018: Spielbeginn jeweils 12:00 Uhr&nbsp; !!! Anmeldungen nur schriftlich per eMail und [&hellip;]<\/p>\n","protected":false},"author":1,"featured_media":0,"parent":6706,"menu_order":12,"comment_status":"closed","ping_status":"closed","template":"","meta":{"_exactmetrics_skip_tracking":false,"_exactmetrics_sitenote_active":false,"_exactmetrics_sitenote_note":"","_exactmetrics_sitenote_category":0,"_monsterinsights_skip_tracking":false,"_monsterinsights_sitenote_active":false,"_monsterinsights_sitenote_note":"","_monsterinsights_sitenote_category":0,"footnotes":""},"class_list":["post-11442","page","type-page","status-publish","hentry"],"aioseo_notices":[],"_links":{"self":[{"href":"https:\/\/boule-im-rheingau.de\/index.php?rest_route=\/wp\/v2\/pages\/11442","targetHints":{"allow":["GET"]}}],"collection":[{"href":"https:\/\/boule-im-rheingau.de\/index.php?rest_route=\/wp\/v2\/pages"}],"about":[{"href":"https:\/\/boule-im-rheingau.de\/index.php?rest_route=\/wp\/v2\/types\/page"}],"author":[{"embeddable":true,"href":"https:\/\/boule-im-rheingau.de\/index.php?rest_route=\/wp\/v2\/users\/1"}],"replies":[{"embeddable":true,"href":"https:\/\/boule-im-rheingau.de\/index.php?rest_route=%2Fwp%2Fv2%2Fcomments&post=11442"}],"version-history":[{"count":1,"href":"https:\/\/boule-im-rheingau.de\/index.php?rest_route=\/wp\/v2\/pages\/11442\/revisions"}],"predecessor-version":[{"id":14184,"href":"https:\/\/boule-im-rheingau.de\/index.php?rest_route=\/wp\/v2\/pages\/11442\/revisions\/14184"}],"up":[{"embeddable":true,"href":"https:\/\/boule-im-rheingau.de\/index.php?rest_route=\/wp\/v2\/pages\/6706"}],"wp:attachment":[{"href":"https:\/\/boule-im-rheingau.de\/index.php?rest_route=%2Fwp%2Fv2%2Fmedia&parent=11442"}],"curies":[{"name":"wp","href":"https:\/\/api.w.org\/{rel}","templated":true}]}}