{"id":11411,"date":"2019-09-30T18:48:10","date_gmt":"2019-09-30T16:48:10","guid":{"rendered":"http:\/\/boule-im-rheingau.net\/?page_id=11411"},"modified":"2019-10-12T12:14:00","modified_gmt":"2019-10-12T10:14:00","slug":"interessante-videos-2","status":"publish","type":"page","link":"https:\/\/boule-im-rheingau.de\/?page_id=11411","title":{"rendered":"Interessante Videos"},"content":{"rendered":"\n<h2 class=\"wp-block-heading\">Boule spricht alle Sprachen<\/h2>\n\n\n\n<figure class=\"wp-block-embed-youtube alignleft wp-block-embed is-type-video is-provider-youtube wp-embed-aspect-16-9 wp-has-aspect-ratio\"><div class=\"wp-block-embed__wrapper\">\n<iframe loading=\"lazy\" title=\"Boule spricht alle Sprachen\" width=\"625\" height=\"352\" src=\"https:\/\/www.youtube.com\/embed\/nIFIWXWXkTQ?feature=oembed\" frameborder=\"0\" allow=\"accelerometer; autoplay; clipboard-write; encrypted-media; gyroscope; picture-in-picture; web-share\" referrerpolicy=\"strict-origin-when-cross-origin\" allowfullscreen><\/iframe>\n<\/div><\/figure>\n\n\n\n<p>&#8222;Boule&#8220; &#8211; das Spiel, das man in Frankreich &#8222;P\u00e9tanque&#8220; nennt wird in vielen L\u00e4ndern der Welt nach den gleichen Regeln gespielt. Praktische Erfahrungen in der Provence und in Thailand zeigen, dass man schnell Freunde beim Spiel findet, wenn man die wesentlichen Regeln beherrscht. Und das gelingt am besten im Bouleclub vor Ort beim regelm\u00e4\u00dfigen Spiel.<\/p>\n\n\n\n<h2 class=\"wp-block-heading\">Faszination Boule  <\/h2>\n\n\n\n<figure class=\"wp-block-embed-youtube alignleft wp-block-embed is-type-video is-provider-youtube wp-embed-aspect-16-9 wp-has-aspect-ratio\"><div class=\"wp-block-embed__wrapper\">\n<iframe loading=\"lazy\" title=\"Faszination des Boulespiels\" width=\"625\" height=\"352\" src=\"https:\/\/www.youtube.com\/embed\/ylqRpi2MVlk?feature=oembed\" frameborder=\"0\" allow=\"accelerometer; autoplay; clipboard-write; encrypted-media; gyroscope; picture-in-picture; web-share\" referrerpolicy=\"strict-origin-when-cross-origin\" allowfullscreen><\/iframe>\n<\/div><figcaption> &#8211; ein video von Norbert Koch <\/figcaption><\/figure>\n\n\n\n<p>Boule &#8211; ein Sport f\u00fcr Jung und Alt, M\u00e4nnlein und Weiblein, behindert und nicht behindert, kurzum:<br><em>Schnell zu erlernen, einfach zu spielen \u2013 aber schwer zu gewinnen. <\/em> <br><br><br><br><br>..<\/p>\n\n\n\n<h2 class=\"wp-block-heading\">1917 &#8211; 100 Jahre P\u00e9tanque<\/h2>\n\n\n\n<figure class=\"wp-block-embed-youtube alignleft wp-block-embed is-type-video is-provider-youtube wp-embed-aspect-16-9 wp-has-aspect-ratio\"><div class=\"wp-block-embed__wrapper\">\n<iframe loading=\"lazy\" title=\"Video des Tages | 100 Jahre Boule\" width=\"625\" height=\"352\" src=\"https:\/\/www.youtube.com\/embed\/m5aPFQK650E?feature=oembed\" frameborder=\"0\" allow=\"accelerometer; autoplay; clipboard-write; encrypted-media; gyroscope; picture-in-picture; web-share\" referrerpolicy=\"strict-origin-when-cross-origin\" allowfullscreen><\/iframe>\n<\/div><\/figure>\n\n\n\n<p>Das Boulespiel ist 100 Jahre alt &#8211; und manche(r) Spieler\/in ist von den hundert Jahren nicht weit entfernt. Boule kann man bis ins hohe Alter spielen. Mitglieder im Boule Club RHEINGAU belegen das. Aber auch junge Spielerinnen und Spieler sind in diesem Sport mit Begeisterung dabei.<\/p>\n\n\n\n<h2 class=\"wp-block-heading\"> <strong>S<\/strong>chie\u00dfen allein reicht nicht &#8211; und Training ist alles <\/h2>\n\n\n\n<figure class=\"wp-block-embed-youtube alignleft wp-block-embed is-type-video is-provider-youtube wp-embed-aspect-4-3 wp-has-aspect-ratio\"><div class=\"wp-block-embed__wrapper\">\n<iframe loading=\"lazy\" title=\"Tirez sur les grises!\" width=\"625\" height=\"469\" src=\"https:\/\/www.youtube.com\/embed\/GpSP06MQ9tE?feature=oembed\" frameborder=\"0\" allow=\"accelerometer; autoplay; clipboard-write; encrypted-media; gyroscope; picture-in-picture; web-share\" referrerpolicy=\"strict-origin-when-cross-origin\" allowfullscreen><\/iframe>\n<\/div><figcaption>Ein Video zum Thema: \u00dcbung macht des Meister<\/figcaption><\/figure>\n\n\n\n<p>Eine Erfahrung, die wir schon bei unseren Aufenthalten in der Provence und beim dortigen Spiel gemacht haben: Die franz\u00f6sischen Spieler treffen beim Schie\u00dfen nicht nur mit einer hohen Quote sondern die anvisierte Kugel auch noch genau so, dass sie keinen unbeabsichtigten Schaden (Karambolage) anrichten. Das schafft man aber nur mit gezieltem Training, wie in diesem Video zu sehen. (Achtet bitte auf die beiden andersfarbigen Kugeln im Zielbild) <\/p>\n\n\n\n<figure class=\"wp-block-pullquote has-blue-background-color is-style-solid-color\"><blockquote class=\"has-text-color\" style=\"color:#ffffff\"><p>Bouletraining mit S\u00f6nke  (Backens)<\/p><\/blockquote><\/figure>\n\n\n\n<h3 class=\"wp-block-heading\"> P\u00e9tanque Training  &#8211;  Tipp 1 <\/h3>\n\n\n\n<figure class=\"wp-block-embed-youtube alignleft wp-block-embed is-type-video is-provider-youtube wp-embed-aspect-16-9 wp-has-aspect-ratio\"><div class=\"wp-block-embed__wrapper\">\n<iframe loading=\"lazy\" title=\"Boule P\u00e9tanque Training  -  Tipp 1\" width=\"625\" height=\"352\" src=\"https:\/\/www.youtube.com\/embed\/68Yl61puqdU?feature=oembed\" frameborder=\"0\" allow=\"accelerometer; autoplay; clipboard-write; encrypted-media; gyroscope; picture-in-picture; web-share\" referrerpolicy=\"strict-origin-when-cross-origin\" allowfullscreen><\/iframe>\n<\/div><\/figure>\n\n\n\n<p>Die Sau wir nicht achtlos weggeworfen, sondern wohl\u00fcberlegt platziert. Schlie\u00dflich hat man sich das Recht f\u00fcr den Sauwurf erobert! Oder?<br>Und mit diesem kleinen Trick wird der Sauwurf noch genauer und damit besser.<br>\u00dcben! \u00dcben! \u00dcben!<br><br>..<\/p>\n\n\n\n<h2 class=\"wp-block-heading\">  P\u00e9tanque Training  &#8211;  Tipp 2<\/h2>\n\n\n\n<figure class=\"wp-block-embed-youtube alignleft wp-block-embed is-type-video is-provider-youtube wp-embed-aspect-16-9 wp-has-aspect-ratio\"><div class=\"wp-block-embed__wrapper\">\n<iframe loading=\"lazy\" title=\"Boule P\u00e9tanque Training - Tipp 2\" width=\"625\" height=\"352\" src=\"https:\/\/www.youtube.com\/embed\/Iu1qlq2awnI?start=200&#038;feature=oembed\" frameborder=\"0\" allow=\"accelerometer; autoplay; clipboard-write; encrypted-media; gyroscope; picture-in-picture; web-share\" referrerpolicy=\"strict-origin-when-cross-origin\" allowfullscreen><\/iframe>\n<\/div><\/figure>\n\n\n\n<p>Die mentale Einstellung beim Boulespiel ist ein viel diskutiertes Thema unter Boulisten. Es wird von verschiedenen Seiten sogar ein Mentaltraining angeboten. Und es wurden schon viele Seiten zu diesem Thema bedruckt. S\u00f6nke zeigt hier an einem Beispiel warum die richtige Einstellung so wichtig ist.<br><br>..<\/p>\n\n\n\n<h2 class=\"wp-block-heading\">  P\u00e9tanque Training  &#8211;  Tipp 3<\/h2>\n\n\n\n<figure class=\"wp-block-embed-youtube alignleft wp-block-embed is-type-video is-provider-youtube wp-embed-aspect-16-9 wp-has-aspect-ratio\"><div class=\"wp-block-embed__wrapper\">\n<iframe loading=\"lazy\" title=\"Boule P\u00e9tanque Training - Tipp 3\" width=\"625\" height=\"352\" src=\"https:\/\/www.youtube.com\/embed\/nFwt5xjfdeo?feature=oembed\" frameborder=\"0\" allow=\"accelerometer; autoplay; clipboard-write; encrypted-media; gyroscope; picture-in-picture; web-share\" referrerpolicy=\"strict-origin-when-cross-origin\" allowfullscreen><\/iframe>\n<\/div><\/figure>\n\n\n\n<p>Die Kugel soll nach dem Aufkommen auf dem Boden nicht schier endlos rollen, sondern m\u00f6glichst schnell und an der gew\u00fcnschten Stelle liegen bleiben. Plomb\u00e9 &#8211; oder die &#8222;hohe&#8220; Legekunst &#8211; salopp aber gekonnt nahe gebracht. <br>Auch hier:<br>Erst viel \u00dcbung macht den Meister!<\/p>\n\n\n\n<p> <\/p>\n\n\n\n<figure class=\"wp-block-pullquote\"><blockquote><p>Und nun Spiele der &#8222;Profis&#8220;<\/p><\/blockquote><\/figure>\n\n\n\n<h2 class=\"wp-block-heading\">DM 2016 in Rockenhausen<\/h2>\n\n\n\n<figure class=\"wp-block-embed-youtube alignleft wp-block-embed is-type-video is-provider-youtube wp-embed-aspect-16-9 wp-has-aspect-ratio\"><div class=\"wp-block-embed__wrapper\">\n<iframe loading=\"lazy\" title=\"36. Deutsche P\u00e9tanque Meisterschaft Doublette 2016 1\/2 Finale in Rockenhausen\" width=\"625\" height=\"352\" src=\"https:\/\/www.youtube.com\/embed\/9AeZq5z21b8?feature=oembed\" frameborder=\"0\" allow=\"accelerometer; autoplay; clipboard-write; encrypted-media; gyroscope; picture-in-picture; web-share\" referrerpolicy=\"strict-origin-when-cross-origin\" allowfullscreen><\/iframe>\n<\/div><figcaption>Ein Video des DPV vom Halbfinale DM Doublette 2016<\/figcaption><\/figure>\n\n\n\n<p><strong>Ein Video des DPV von einer Halbfinalbegegnung bei der DM 2016 &#8211; Doublette in Rockenhausen<\/strong><br>So spielen deutsche Spitzenspieler bei den Deutschen Meisterschaften.<br><br><br><\/p>\n\n\n\n<h2 class=\"wp-block-heading\"> Hohes Niveau!! Viertelfinale bei der Marseillaise 2017 <\/h2>\n\n\n\n<figure class=\"wp-block-embed-youtube alignleft wp-block-embed is-type-video is-provider-youtube wp-embed-aspect-16-9 wp-has-aspect-ratio\"><div class=\"wp-block-embed__wrapper\">\n<iframe loading=\"lazy\" title=\"Mondial \u00e0 P\u00e9tanque 2017 \u00e0 Marseille : Dylan Rocher vs Falimanantsoa Angelo en int\u00e9gralit\u00e9\" width=\"625\" height=\"352\" src=\"https:\/\/www.youtube.com\/embed\/q5iq24l5MDE?feature=oembed\" frameborder=\"0\" allow=\"accelerometer; autoplay; clipboard-write; encrypted-media; gyroscope; picture-in-picture; web-share\" referrerpolicy=\"strict-origin-when-cross-origin\" allowfullscreen><\/iframe>\n<\/div><figcaption>Franz\u00f6sisch-Kenntnisse sind nicht hinderlich &#8211;<br>aber es geht auch ohne. <br> Aber hier gibt es noch viel mehr zu lernen. <\/figcaption><\/figure>\n\n\n\n<p>Taktisch und technisch ein Leckerbissen und geeignet, gewohnte, festgefahrene Strategien im Spiel zu \u00fcberdenken. Wer hat schon mal in den ersten beiden Aufnahmen bei geringstem Kugelnachteil das Schweinchen ins AUS geschossen? Wir kennen das i.d.R. als &#8218;Notausgang&#8216; gegen Ende einer Partie. <br><br><br>..<br><\/p>\n\n\n\n<p>xxx<br><\/p>\n","protected":false},"excerpt":{"rendered":"<p>Boule spricht alle Sprachen &#8222;Boule&#8220; &#8211; das Spiel, das man in Frankreich &#8222;P\u00e9tanque&#8220; nennt wird in vielen L\u00e4ndern der Welt nach den gleichen Regeln gespielt. Praktische Erfahrungen in der Provence und in Thailand zeigen, dass man schnell Freunde beim Spiel findet, wenn man die wesentlichen Regeln beherrscht. Und das gelingt am besten im Bouleclub vor [&hellip;]<\/p>\n","protected":false},"author":1,"featured_media":0,"parent":0,"menu_order":8,"comment_status":"closed","ping_status":"closed","template":"","meta":{"_exactmetrics_skip_tracking":false,"_exactmetrics_sitenote_active":false,"_exactmetrics_sitenote_note":"","_exactmetrics_sitenote_category":0,"_monsterinsights_skip_tracking":false,"_monsterinsights_sitenote_active":false,"_monsterinsights_sitenote_note":"","_monsterinsights_sitenote_category":0,"footnotes":""},"class_list":["post-11411","page","type-page","status-publish","hentry"],"aioseo_notices":[],"_links":{"self":[{"href":"https:\/\/boule-im-rheingau.de\/index.php?rest_route=\/wp\/v2\/pages\/11411","targetHints":{"allow":["GET"]}}],"collection":[{"href":"https:\/\/boule-im-rheingau.de\/index.php?rest_route=\/wp\/v2\/pages"}],"about":[{"href":"https:\/\/boule-im-rheingau.de\/index.php?rest_route=\/wp\/v2\/types\/page"}],"author":[{"embeddable":true,"href":"https:\/\/boule-im-rheingau.de\/index.php?rest_route=\/wp\/v2\/users\/1"}],"replies":[{"embeddable":true,"href":"https:\/\/boule-im-rheingau.de\/index.php?rest_route=%2Fwp%2Fv2%2Fcomments&post=11411"}],"version-history":[{"count":0,"href":"https:\/\/boule-im-rheingau.de\/index.php?rest_route=\/wp\/v2\/pages\/11411\/revisions"}],"wp:attachment":[{"href":"https:\/\/boule-im-rheingau.de\/index.php?rest_route=%2Fwp%2Fv2%2Fmedia&parent=11411"}],"curies":[{"name":"wp","href":"https:\/\/api.w.org\/{rel}","templated":true}]}}